 = -i**2 - 12*i + 13. What is t(0)?
13
Let c(o) = 2*o**3 - 5*o**2 + 5*o - 15. Give c(5).
135
Let j(a) = -2*a**3 + a**2 - 3*a - 14. Determine j(-2).
12
Let m(c) = -103*c - 799. Give m(-8).
25
Let i(w) = -w**3 + 76*w**2 - 145*w - 214. What is i(74)?
8
Let m(y) = 228*y - 952. Determine m(4).
-40
Let v(q) = 13*q**2 - 16*q - 86. Give v(-4).
186
Let n(c) = c**2 + 24*c + 96. Give n(-22).
52
Let k(x) = -6*x**2 - 13*x - 30. Give k(-2).
-28
Let s(i) = -i**3 - 75*i**2 - 7*i - 513. Determine s(-75).
12
Let b(q) = -67*q - 1496. Give b(-23).
45
Let u(t) = 3*t**2 + 80*t + 518. Calculate u(-14).
-14
Let w(z) = -2*z**2 + 311*z + 1270. Calculate w(-4).
-6
Let w(j) = -168*j**2 - 3181*j + 220. Determine w(-19).
11
Let z(v) = -6*v**2 - 51*v + 13. What is z(-11)?
-152
Let y(j) = 32*j**2 - 4*j - 113. Calculate y(-2).
23
Let s(j) = -5*j - 300. Calculate s(-68).
40
Let y(u) = -u**3 + u**2 + 27*u - 17. What is y(-5)?
-2
Let b(q) = q**2 - 24*q + 87. Give b(5).
-8
Let r(a) = -a**3 - 6*a**2 - 3*a - 198. Determine r(-7).
-128
Let x(f) = -2*f**2 + 125*f + 3295. What is x(-20)?
-5
Let s(w) = -146*w + 21470. Determine s(147).
8
Let y(q) = -158*q**2 + 7*q + 26. Determine y(3).
-1375
Let t(b) = -15*b + 550. What is t(29)?
115
Let q(a) = 2*a + 83. Give q(-39).
5
Let t(h) = 65*h - 434. What is t(7)?
21
Let s(r) = 3*r**2 + 534*r - 2735. Determine s(-183).
10
Let i(o) = 20274*o + 162192. Give i(-8).
0
Let p(j) = 5*j**2 + 13*j + 10. Calculate p(-9).
298
Let q(d) = -d**2 - 15*d + 51. Calculate q(-17).
17
Let z(d) = -d**2 - 42*d + 29. Give z(-23).
466
Let c(m) = 124*m + 113. Give c(-1).
-11
Let i(n) = 45*n - 247. Give i(6).
23
Let h(b) = -147*b + 3292. What is h(24)?
-236
Let c(o) = 29*o - 1517. What is c(57)?
136
Let m(w) = -w**2 - 11*w + 18. Give m(-12).
6
Let w(i) = 13*i**2 + 37*i + 29. What is w(-1)?
5
Let h(c) = -c**2 - 27*c + 462. Give h(11).
44
Let d(u) = -u**3 + 2*u**2 + 21*u - 56. Determine d(4).
-4
Let v(i) = i**3 - 34*i**2 + 252*i - 7212. Calculate v(33).
15
Let h(o) = -2*o**3 + 105*o**2 - 57*o - 174. Give h(52).
-434
Let z(q) = -q**3 + 10*q**2 - 466*q + 1. What is z(0)?
1
Let v(i) = 3*i**3 - 24*i**2 - 48*i - 104. Give v(10).
16
Let z(b) = 12*b**2 - 130*b - 48. Give z(12).
120
Let g(p) = 74*p - 278. What is g(0)?
-278
Let c(p) = 69*p - 841. What is c(12)?
-13
Let h(r) = r**3 + 15*r**2 + 48*r + 4. Determine h(-5).
14
Let r(h) = -577*h + 88849. Give r(154).
-9
Let f(w) = -3*w**2 + 37*w + 12. Give f(8).
116
Let v(i) = -i**3 - 5*i**2 + 5*i - 31. Determine v(-8).
121
Let t(i) = i**3 + 33*i**2 + 269*i + 3. What is t(-15)?
18
Let f(m) = -m**2 - 573*m - 2. Calculate f(0).
-2
Let j(g) = -34*g**2 - 8*g - 1. What is j(1)?
-43
Let v(j) = -3*j**3 - 11*j**2 - 56*j - 320. Calculate v(-5).
60
Let i(c) = 2380*c - 16638. What is i(7)?
22
Let m(y) = -y**3 - 51*y**2 - 309*y - 10. Determine m(-7).
-3
Let j(p) = 785*p + 817. Calculate j(-1).
32
Let g(v) = -4*v**3 + 1307*v**2 + 343*v - 5228. Determine g(327).
4
Let q(y) = -y**2 - 48*y - 512. Determine q(-21).
55
Let m(w) = 2*w**2 - 26*w + 99. What is m(6)?
15
Let n(l) = -3*l**2 - 5*l + 250. Calculate n(14).
-408
Let k(b) = -140*b - 1684. Give k(-12).
-4
Let b(a) = a**3 - 34*a**2 + 115*a + 111. Calculate b(30).
-39
Let r(c) = -2*c**2 + c + 984. What is r(-22)?
-6
Let t(s) = s**2 + 87*s + 1905. What is t(-37)?
55
Let k(h) = 4*h**3 - 5*h**2 + 480*h + 484. Calculate k(-1).
-5
Let i(r) = 491*r**2 - 5872*r - 232. Determine i(12).
8
Let q(p) = -4*p**3 - 42*p**2 + 21*p + 6. What is q(-11)?
17
Let x(u) = -286*u + 16317. What is x(57)?
15
Let i(a) = -4956*a - 34714. Determine i(-7).
-22
Let a(t) = t**3 + 63*t**2 - 342*t - 134. Calculate a(-68).
2
Let o(i) = i**3 + 82*i**2 + 165*i + 518. Determine o(-80).
118
Let k(t) = -t**3 + 21*t**2 - 104*t - 30. Calculate k(13).
-30
Let t(q) = -q**2 + 316*q - 1. What is t(0)?
-1
Let q(n) = 506*n + 10100. Determine q(-20).
-20
Let d(v) = 11*v**2 + 22*v - 149. Calculate d(8).
731
Let a(r) = -2*r**2 - 177*r + 1323. Calculate a(7).
-14
Let b(c) = 45*c**2 - 16*c - 21. Give b(-3).
432
Let n(u) = -47*u + 667. Calculate n(3).
526
Let s(g) = -g**3 + 24*g**2 - 33*g - 33. Determine s(22).
209
Let t(h) = 11*h**2 - 220*h - 1382. Give t(-5).
-7
Let w(s) = s**2 + 16*s + 37. Determine w(-9).
-26
Let g(r) = 13840*r - 13848. Determine g(1).
-8
Let v(f) = -7*f**2 + 34*f - 191. Calculate v(5).
-196
Let y(r) = 1746*r - 50635. What is y(29)?
-1
Let m(v) = 3*v**2 - 50*v - 331. Determine m(-6).
77
Let s(u) = -u**3 - 73*u**2 + 150*u - 196. Calculate s(-75).
-196
Let m(h) = h**3 + 3*h**2 - 68*h + 23. What is m(-10)?
3
Let b(h) = -4*h**2 + 23*h - 112. Give b(12).
-412
Let h(d) = 13*d**2 - 1152*d + 691. Calculate h(88).
-13
Let q(z) = 3*z**2 + 22*z - 267. What is q(12)?
429
Let f(b) = 3*b**2 - 351*b + 2909. Give f(9).
-7
Let l(u) = u**2 + 88*u - 780. Calculate l(-96).
-12
Let t(w) = -14*w**3 - 2*w**2 - 2*w + 3. Calculate t(-3).
369
Let q(h) = -58*h + 3328. What is q(58)?
-36
Let g(j) = 124*j - 749. Give g(6).
-5
Let p(h) = h**3 - 33*h**2 + 32*h + 42. What is p(32)?
42
Let p(q) = 7*q**3 + 20*q**2 - 24*q - 86. What is p(-4)?
-118
Let g(n) = -365*n - 233. Calculate g(0).
-233
Let k(m) = 1224*m + 7344. Give k(-6).
0
Let b(l) = -4*l**2 + 101*l - 163. Give b(18).
359
Let q(c) = c**2 - 58*c + 698. Calculate q(41).
1
Let j(c) = 1732*c + 39811. Give j(-23).
-25
Let n(w) = -31*w - 137. Determine n(-5).
18
Let y(k) = k**2 + 3*k - 53. Determine y(-8).
-13
Let w(m) = 43*m**2 + 657*m - 7. What is w(-15)?
-187
Let v(z) = 22*z - 2839. What is v(125)?
-89
Let p(l) = l**2 - 47*l + 243. Determine p(40).
-37
Let i(s) = 3*s**2 + 106*s + 52. What is i(-33)?
-179
Let c(i) = 88*i - 7425. Give c(84).
-33
Let u(q) = -60*q + 13. Calculate u(-1).
73
Let o(u) = 32*u**2 - 50*u + 143. Calculate o(3).
281
Let c(f) = -f**2 + 7*f + 20875. Calculate c(148).
7
Let d(x) = -81*x - 1122. Give d(-14).
12
Let l(i) = i**2 - 215*i - 1341. Give l(-6).
-15
Let v(f) = 881*f**2 + 7049*f + 12. Calculate v(-8).
4
Let f(m) = -486*m**3 + 3*m**2 - 14*m + 13. Calculate f(1).
-484
Let z(v) = -322*v + 5806. What is z(18)?
10
Let w(c) = -c**3 - 22*c**2 + 26*c - 17. Determine w(-23).
-86
Let z(m) = -38*m + 54. Give z(2).
-22
Let q(g) = -7*g**3 + 414*g**2 + 363*g - 195. Calculate q(60).
-15
Let z(o) = -3*o**3 + o**2 + 2*o - 60. Give z(0).
-60
Let p(d) = -45*d + 55. What is p(8)?
-305
Let d(p) = 662*p + 137042. Determine d(-207).
8
Let u(j) = -49*j - 512. Calculate u(-10).
-22
Let c(a) = 125*a + 496. Determine c(-8).
-504
Let p(j) = -3*j + 33. Give p(16).
-15
Let i(a) = -11*a**2 - 12. Calculate i(5).
-287
Let i(o) = -5*o**3 + 36*o**2 - 39*o + 274. Determine i(7).
50
Let h(s) = 16*s + 245. Give h(-15).
5
Let i(q) = -q**2 + 314*q - 24590. Determine i(149).
-5
Let d(x) = -x**3 - 23*x**2 + 44*x - 38. What is d(-25)?
112
Let i(x) = x**2 - 1053*x - 13867. Determine i(-13).
-9
Let q(w) = -28*w**3 - 251*w**2 + 14*w + 56. Give q(-9).
11
Let k(z) = 2*z**3 + 50*z**2 + 50*z + 23. Determine k(-24).
-25
Let a(m) = m**3 + 48*m**2 - 113*m + 58. Calculate a(-50).
708
Let w(x) = 251*x - 21. Calculate w(2).
481
Let h(z) = -2094*z + 16742. What is h(8)?
-10
Let r(q) = -q**2 - 29823*q + 59648. Determine r(2).
-2
Let y(j) = j**2 - 41*j - 476. Give y(50).
-26
Let q(g) = g**3 - 2*g**2 - 161*g + 625. Calculate q(4).
13
Let n(p) = 2*p**3 + 71*p**2 + 102*p + 14. What is n(-34)?
14
Let n(l) = -80*l + 5995. What is n(75)?
-5
Let w(p) = 4*p**3 - 92*p**2 - 13*p - 65. What is w(23)?
-364
Let a(q) = 5*q**3 + 48*q**2 - 7*q + 149. Calculate a(-10).
19
Let f(z) = 3*z**2 - 24*z - 633. Determine f(19).
-6
Let u(b) = -201*b - 41. Give u(-2).
361
Let w(q) = 2*q**2 - 36*q - 355. Give w(25).
-5
Let l(a) = -8*a**2 + 4*a + 37. Determine l(-3).
-47
Let y(v) = 2*v**3 + 55*v**2 - 251*v + 20. Determine y(5).
390
Let m(l) = 50*l**2 + 3*l + 100. Determine m(0).
100
Let s(f) = -f**3 + 11*f**2 + 156*f - 1674. What is s(13)?
16
Let f(y) = -21*y**3 + 336*y**2 - 124*y + 1982. Determine f(16).
-2
Let c(y) = -y**3 + 154*y**2 + 313*y - 142. Determine c(156).
14
Let g(i) = -i**3 + 165*i**2 - 337*i + 1772. What is g(163)?
-21
Let c(a) = -37*a + 87. Determine c(3).
-24
Let s(d) = -d**2 - 492*d - 13430. Calculate s(-29).
-3
Let q(y) = -40*y + 361. Give q(10).
-39
Let p(g) = 3*g - 114. Give p(37).
-3
Let d(w) = -w**2 - 375*w - 7446. Calculate d(-21).
-12
Let f(j